 divisor of y and k?
5
Suppose 0 = -4*h - 8 + 36. What is the greatest common divisor of 7 and h?
7
Let f = 225 + -126. Let l(u) = u**3 + 3*u - 3. Let s be l(2). Suppose 0 = x - 2*z - s, -2*x + 2*z = -2 - 20. What is the greatest common divisor of x and f?
11
Let i(s) = -s**2 + 9*s + 10. Let j be i(10). Suppose 2 = 2*r - j. What is the greatest common factor of 7 and r?
1
Let y = -5 + 5. Suppose -2*c + 3*c - 13 = y. Suppose 5*n + 387 = 5*r - c, -5*r - n = -382. Calculate the greatest common divisor of r and 7.
7
Suppose 71 = 2*q + 23. Suppose -5*w + 0*h = h - 35, 4*w + h = 29. Calculate the highest common factor of q and w.
6
Suppose -n + l = -4*n + 8, l = -2*n + 6. Suppose 2*m - 26 = -5*p, n*p + 5 = m + 10. What is the greatest common factor of 1 and p?
1
Let a(t) = -9*t - 3. Let k(v) = -v**3 + v**2 - v - 1. Let b be k(2). Let j be a(b). Calculate the highest common factor of 15 and j.
15
Suppose 0 = -3*l + 4*v + 21, 4*l + 2 - 29 = 5*v. Let u be (l/(-3) - -5)*2. Calculate the highest common divisor of u and 32.
8
Let w be ((-10)/4)/5*-22. Let d be 10/(-55) + 13/w. Suppose 26 - 71 = -5*l. What is the greatest common factor of d and l?
1
Let r(j) = -7*j - 2. Let u = 4 - 6. Let z be r(u). Let m be 6/8 - (-267)/z. Calculate the greatest common factor of m and 138.
23
Suppose 4*b = -b + 2*w + 36, 4*b = w + 27. Calculate the highest common divisor of b and 2.
2
Suppose 2*y - 66 - 18 = 0. Suppose -2*p + 76 = 4*d + 3*p, -20 = -5*p. What is the greatest common divisor of y and d?
14
Let b(a) = a**3 + 3*a**2 - 4. Suppose -3*q - q = -5*u + 9, -5*q - 5 = -5*u. Let p be b(q). Calculate the greatest common factor of 12 and p.
12
Let j = 0 + 8. Let k be 114/j + (-10)/40. Calculate the highest common factor of 56 and k.
14
Let z = -101 + 147. Suppose 64 = 3*a + 2*d, -2*a - 5 = 3*d - z. Calculate the highest common factor of 55 and a.
11
Suppose 17 + 71 = 8*j. Calculate the highest common divisor of 77 and j.
11
Let d(t) = -t - 9. Let n be d(-7). Let x be n + 3 - (2 + -1). Suppose x = -2*h + 3 - 5, 3*i + h - 191 = 0. What is the greatest common factor of 16 and i?
16
Suppose -4*y + 9*y = 60. Let c(r) = 3*r**3 - 6*r**2 + 2*r + 4. Let n be c(4). What is the highest common factor of y and n?
12
Suppose -4*p - l = -4*l - 44, -3*l = -3*p + 30. Suppose 4*r - 21 = -3*u, -4*u = -r + 6*r - 28. What is the highest common factor of p and u?
7
Suppose 0*h + 36 = 3*h + x, 24 = 2*h + 5*x. Let l be (1/(-1) - 0) + 85. Calculate the highest common divisor of l and h.
12
Let u = 1 + -2. Let f be u*(2 + -1) + 0. Let w be -1 + -1 + f + 48. What is the highest common divisor of 15 and w?
15
Let q be -4*(-6)/8*2. Suppose -225 = -q*c + c. What is the greatest common factor of c and 5?
5
Let k be ((-27)/2)/(5/(-10)). Calculate the greatest common divisor of k and 9.
9
Let r(c) = 2*c**2 + 3*c + 1. Let l be r(-3). Suppose 5*y + 0*y = 400. What is the highest common divisor of l and y?
10
Let z(k) = -2*k. Let m be z(-1). Suppose m*j - 126 = -0*j. What is the highest common factor of j and 7?
7
Let w = 6 - 8. Let g(j) = -53*j - 1. Let t be g(w). Suppose -2*v - 3*v + 75 = 0. Calculate the highest common divisor of t and v.
15
Suppose -20 = -f - 62. Let l be ((-37)/3)/((-3)/(-18) + 0). Let q = f - l. What is the greatest common divisor of q and 8?
8
Let b be (-746)/(-10) + 4/10. Calculate the greatest common divisor of b and 30.
15
Let m(t) = t**3 - 2*t**2 - 7*t. Let x be m(5). Suppose 0 = -5*v - x. Let r(q) = -3*q - 8. Let a be r(v). What is the greatest common factor of 176 and a?
16
Let n(k) = -k**3 - 5*k**2 - 6*k - 5. Suppose 0 = 3*r - 2*p + 6, -5*r - 4*p = -p + 29. Let o be n(r). What is the highest common factor of 33 and o?
3
Let i(l) = 4*l**2 + 4*l + 2. Let v be (4/3)/((-2)/(-6)). Let x be (6/(-3))/(v/6). Let c be i(x). Calculate the greatest common divisor of c and 13.
13
Suppose -5*x = 5 - 30. Calculate the greatest common factor of 50 and x.
5
Let d = 2 + 0. Suppose -3*b = -38 + d. Suppose -y + 3*r + 147 = 0, -y - 2*r = -51 - 71. What is the highest common divisor of b and y?
12
Suppose -4*b = 10 - 2. Let m be -2 + 5/1 - b. Let n = -89 + 144. What is the highest common divisor of m and n?
5
Let z = 1 + 1. Let j(n) = -n**3 - 9*n**2 - 11*n - 10. Let y be (-86)/10 + 6/10. Let g be j(y). What is the highest common divisor of g and z?
2
Suppose 6*p - p - 10 = 0. Suppose -4*y + p*y = -2. Calculate the highest common divisor of y and 1.
1
Let c be (-2)/(-4)*-2 + 5. Suppose c*y + 11 - 47 = 0. Let s be -9*(-3)/(9/33). What is the greatest common factor of y and s?
9
Let x be (-7)/(7/(-2))*4. Let p(j) = -j**2 + j + 11*j - 4*j + j - x. Let u be p(7). Calculate the greatest common divisor of u and 1.
1
Let p(v) = -10*v**3 - v**2. Let z be p(-1). Suppose -a - z = 8. Let r = -3 - a. What is the greatest common factor of 70 and r?
14
Let x(k) = k**3 + 5*k**2 - 6*k + 3. Let a be x(-6). Suppose u + 34 = a*u. Let r be 16 - (0 + 2/(-2)). Calculate the highest common factor of u and r.
17
Let s = 29 + -6. Let f = -1 + 6. Suppose -4*t = f*c - 378, 5*t - c - c - 456 = 0. Calculate the highest common factor of t and s.
23
Suppose 3*k + 9 + 6 = 0, -4*q - 48 = 4*k. Let g(c) = c**2 + 7*c + 2. Let y be g(q). Let j be -2*(y - 1)*-4. What is the greatest common factor of 8 and j?
8
Suppose -365 = -4*l + 5*i, 0*i - 410 = -5*l - 3*i. Let s be 17 - (-1 - -1 - 0). Calculate the greatest common factor of l and s.
17
Let m(g) = -g**3 - 2*g**2 - 3*g - 2. Let t = 11 - 14. Let d be m(t). Calculate the highest common factor of 16 and d.
16
Suppose r = 49 + 39. Suppose 40*x - 38*x - 22 = 0. What is the highest common divisor of r and x?
11
Let z(j) = -2*j**3 - 4*j**2 - 3*j - 2. Let c be z(-2). What is the highest common factor of c and 40?
4
Suppose 3*m + 7 = 2*m. Let j = m + 5. Let u(p) = -4*p**3 - 3*p**2 - 2*p - 2. Let x be u(j). Calculate the highest common factor of 33 and x.
11
Let o = 2 - -1. Suppose -o*d = -8*d + 10. What is the highest common divisor of d and 8?
2
Suppose 50 = 4*v - 38. Let a(k) be the third derivative of k**5/15 + 5*k**4/24 - 2*k**3/3 + k**2. Let z be a(-6). What is the greatest common factor of v and z?
22
Suppose -d + t = 3*d - 94, -2*t + 100 = 4*d. What is the highest common divisor of d and 32?
8
Suppose -2*n = 3*y - 1 - 24, 23 = 2*y - 5*n. Suppose k = 3 + y. Calculate the highest common divisor of k and 12.
12
Let z be -4*2/(-28) + 324/42. Calculate the highest common factor of 64 and z.
8
Let o be (-22)/(-4)*(-12)/(-3). What is the highest common divisor of 2 and o?
2
Let j be 442/14 + -1 + (-20)/(-14). What is the greatest common factor of 352 and j?
32
Let t = -21 + 93. What is the highest common divisor of t and 8?
8
Suppose -3*t + 16 + 11 = 0. Let q be 2*(-2 + 6) + 1. Calculate the highest common divisor of q and t.
9
Suppose 3*j - 4*j = -6. Let r = j - 12. Let h be -30*(-2 - 3/r). What is the greatest common divisor of 5 and h?
5
Suppose -l - 2*v = -2, 2*l - 4*v - 20 = -0*l. What is the greatest common divisor of l and 42?
6
Let p be (-14)/35 + (-802)/(-5). Calculate the greatest common divisor of 20 and p.
20
Suppose -5*f = -3*w + 1, -2*f = -2*w - 2 - 0. Let q be w*3*(-2)/3. Calculate the greatest common divisor of 54 and q.
6
Suppose -3*t = 2*t - 25. Calculate the highest common factor of t and 40.
5
Let m = 16 - 6. What is the greatest common divisor of 50 and m?
10
Let p be (-7)/(-2) - 2/(-4). Suppose p*t - 2*h - 108 = -7*h, 4*h = 0. Let g be 2/((-8)/18)*-2. What is the greatest common divisor of t and g?
9
Suppose -y + 104 = -0*y. Calculate the greatest common factor of 13 and y.
13
Suppose 0 = -5*n - 0*n + 90. Calculate the greatest common factor of n and 27.
9
Let z = -7 - -8. Let g = z - -6. Calculate the greatest common factor of g and 21.
7
Let p be (-1 + -1)/((-8)/20). Let f be (-34)/(-10) - 2/p. Calculate the highest common divisor of f and 27.
3
Let y = 16 + -9. Suppose -f + 4 = -y. What is the highest common factor of f and 33?
11
Let h = -1 + 6. Suppose -3*d - 2*z = -62, -41 = -h*d + 3*z + 56. Suppose -124 = -4*t + 116. What is the highest common factor of d and t?
20
Suppose 244 + 8 = 3*h. What is the highest common divisor of 36 and h?
12
Suppose s - 5*s = -76. Let o = 31 - s. What is the greatest common factor of o and 18?
6
Suppose 4*v - 9 = -5*t + 18, 5*v 